digit of 563364?
5
What is the ten thousands digit of 30891?
3
What is the units digit of 458227?
7
What is the hundred thousands digit of 614999?
6
What is the units digit of 3619313?
3
What is the units digit of 674489?
9
What is the hundred thousands digit of 39715435?
7
What is the units digit of 8329051?
1
What is the ten thousands digit of 4069058?
6
What is the ten thousands digit of 10596850?
9
What is the hundreds digit of 360330?
3
What is the hundreds digit of 423?
4
What is the millions digit of 2931020?
2
What is the tens digit of 11815662?
6
What is the ten thousands digit of 630889?
3
What is the thousands digit of 891927?
1
What is the ten millions digit of 13906480?
1
What is the hundreds digit of 1091469?
4
What is the hundreds digit of 2411973?
9
What is the tens digit of 1418141?
4
What is the hundreds digit of 962081?
0
What is the ten thousands digit of 3394825?
9
What is the ten thousands digit of 7569076?
6
What is the hundred thousands digit of 966432?
9
What is the hundreds digit of 241807?
8
What is the ten thousands digit of 208027?
0
What is the ten millions digit of 43216790?
4
What is the millions digit of 27152191?
7
What is the hundreds digit of 1021?
0
What is the units digit of 1666028?
8
What is the ten thousands digit of 178187?
7
What is the units digit of 8637259?
9
What is the hundred thousands digit of 725724?
7
What is the units digit of 182337?
7
What is the tens digit of 274308?
0
What is the hundreds digit of 36820?
8
What is the tens digit of 77591?
9
What is the hundreds digit of 5208158?
1
What is the hundreds digit of 30640558?
5
What is the ten thousands digit of 769664?
6
What is the tens digit of 3558?
5
What is the ten thousands digit of 26970761?
7
What is the hundreds digit of 135610?
6
What is the ten thousands digit of 1338824?
3
What is the hundred thousands digit of 6146278?
1
What is the thousands digit of 2152481?
2
What is the thousands digit of 101637?
1
What is the hundred thousands digit of 591492?
5
What is the hundreds digit of 215324?
3
What is the thousands digit of 55686?
5
What is the millions digit of 6050524?
6
What is the units digit of 1384099?
9
What is the hundred thousands digit of 6194276?
1
What is the units digit of 3240791?
1
What is the ten thousands digit of 213663?
1
What is the hundred thousands digit of 22913775?
9
What is the thousands digit of 1398951?
8
What is the thousands digit of 6221?
6
What is the tens digit of 409211?
1
What is the units digit of 664827?
7
What is the units digit of 154849?
9
What is the tens digit of 285982?
8
What is the units digit of 224140?
0
What is the ten thousands digit of 218219?
1
What is the ten thousands digit of 25806773?
0
What is the millions digit of 2245131?
2
What is the hundreds digit of 687366?
3
What is the thousands digit of 553817?
3
What is the tens digit of 3551319?
1
What is the hundreds digit of 6160?
1
What is the hundred thousands digit of 23877358?
8
What is the thousands digit of 913910?
3
What is the hundred thousands digit of 33807817?
8
What is the hundred thousands digit of 2124853?
1
What is the millions digit of 12546994?
2
What is the hundred thousands digit of 4856181?
8
What is the tens digit of 1397266?
6
What is the millions digit of 3790548?
3
What is the ten thousands digit of 3204676?
0
What is the tens digit of 847831?
3
What is the ten thousands digit of 414861?
1
What is the millions digit of 19007273?
9
What is the units digit of 4108451?
1
What is the thousands digit of 185082?
5
What is the hundred thousands digit of 1407606?
4
What is the hundred thousands digit of 802612?
8
What is the tens digit of 65086?
8
What is the ten thousands digit of 2458275?
5
What is the units digit of 909746?
6
What is the millions digit of 4539802?
4
What is the ten thousands digit of 2692592?
9
What is the tens digit of 921177?
7
What is the units digit of 370229?
9
What is the tens digit of 7423037?
3
What is the tens digit of 20575986?
8
What is the thousands digit of 207722?
7
What is the hundreds digit of 76282?
2
What is the ten thousands digit of 377965?
7
What is the ten thousands digit of 1061185?
6
What is the ten thousands digit of 285157?
8
What is the hundred thousands digit of 4266687?
2
What is the tens digit of 1117294?
9
What is the hundred thousands digit of 812892?
8
What is the tens digit of 519720?
2
What is the ten thousands digit of 37116?
3
What is the units digit of 800362?
2
What is the units digit of 387079?
9
What is the tens digit of 686673?
7
What is the units digit of 6219359?
9
What is the tens digit of 47021?
2
What is the tens digit of 844923?
2
What is the units digit of 8243191?
1
What is the ten thousands digit of 7027962?
2
What is the units digit of 16801254?
4
What is the units digit of 3105805?
5
What is the units digit of 6909496?
6
What is the hundred thousands digit of 188216?
1
What is the thousands digit of 1955837?
5
What is the hundreds digit of 5477839?
8
What is the units digit of 53012?
2
What is the hundreds digit of 808178?
1
What is the hundred thousands digit of 2328899?
3
What is the thousands digit of 1670931?
0
What is the ten thousands digit of 10847927?
4
What is the millions digit of 23916464?
3
What is the hundreds digit of 1255305?
3
What is the millions digit of 1301841?
1
What is the hundreds digit of 86900?
9
What is the hundreds digit of 78024?
0
What is the hundred thousands digit of 180835?
1
What is the units digit of 323631?
1
What is the units digit of 1198693?
3
What is the hundred thousands digit of 229245?
2
What is the thousands digit of 541862?
1
What is the units digit of 813435?
5
What is the hundreds digit of 800271?
2
What is the hundreds digit of 217166?
1
What is the hundred thousands digit of 4560731?
5
What is the tens digit of 980257?
5
What is the hundreds digit of 339450?
4
What is the units digit of 3833854?
4
What is the ten thousands digit of 663674?
6
What is the units digit of 106281?
1
What is the units digit of 3987918?
8
What is the tens digit of 3642246?
4
What is the hundreds digit of 60013?
0
What is the hundreds digit of 255901?
9
What is the units digit of 857182?
2
What is the units digit of 7404?
4
What is the tens digit of 8528022?
2
What is the thousands digit of 3926074?
6
What is the units digit of 204131?
1
What is the hundreds digit of 1441382?
3
What is the units digit of 38514147?
7
What is the tens digit of 161400?
0
What is the tens digit of 8099292?
9
What is the tens digit of 1597010?
1
What is the hundred thousands digit of 374949?
3
What is the hundreds digit of 2615301?
3
What is the millions digit of 9828107?
9
What is the ten thousands digit of 3011104?
1
What is the units digit of 9088821?
1
What is the thousands digit of 1068625?
8
What is the units digit of 682419?
9
What is the ten thousands digit of 58439?
5
What is the hundred thousands digit of 7193673?
1
What is the tens digit of 2951?
5
What is the hundred thousands digit of 108778?
1
What is the hundred thousands digit of 722771?
7
What is the units digit of 232360?
0
What is the tens digit of 65319?
1
What is the ten millions digit of 16086622?
1
What is the ten thousands digit of 842189?
4
What is the hundreds digit of 1660340?
3
What is the tens digit of 8220820?
2
What is the units digit of 6110014?
4
What is the millions digit of 1202415?
1
What is the ten thousands digit of 96075?
9
What is the thousands digit of 10181121?
1
What is the hundred thousands digit of 602988?
6
What is the millions digit of 1800021?
1
What is the units digit of 13047648?
8
What is the hundreds digit of 224893?
8
What is the tens digit of 70377?
7
What is the hundred thousands digit of 232859?
2
What is the hundred thousands digit of 16901602?
9
What is the thousands digit of 97122?
7
What is the hundreds digit of 5283763?
7
What is the thousands digit of 82813?
2
What is the thousands digit of 4229999?
9
What is the hundred thousands digit of 293602?
2
What is the millions digit of 5863896?
5
What is the hundreds digit of 19134?
1
What is the thousands digit of 10737709?
7
What is the hundreds digit of 7560482?
4
What is the hundreds digit of 176321?
3
What is the hundred thousands digit of 4864244?
8
What is the hundreds digit of 6